4*g + 7341. Give t(-6).
-3
Let h(g) = -275*g - 1937. Calculate h(-7).
-12
Let a(g) = g**2 - 19*g - 45. Determine a(11).
-133
Let o(d) = -2*d**2 + 50*d - 410. Determine o(9).
-122
Let d(p) = -18*p**3 + 3*p**2 + 7*p + 9. Determine d(-2).
151
Let s(c) = -362*c + 7242. Give s(20).
2
Let b(g) = -59*g**3 + 4*g**2 - 4*g - 2. Give b(1).
-61
Let h(a) = 503*a + 19090. Give h(-38).
-24
Let l(f) = -f**3 + 61*f**2 - 312*f - 988. Determine l(55).
2
Let i(y) = y**2 + 2*y + 16. Give i(7).
79
Let t(z) = -z**3 + z + 1. Give t(-1).
1
Let m(a) = 2*a**2 - 95*a + 1093. Give m(20).
-7
Let g(i) = 39*i + 471. Determine g(-16).
-153
Let j(v) = v**3 + 9*v**2 - 11*v - 20. Calculate j(-9).
79
Let w(n) = -n**2 - n + 173. Calculate w(-13).
17
Let q(r) = -r**3 - 8*r**2 - 41*r - 190. Calculate q(-6).
-16
Let v(m) = -61*m - 146. Determine v(2).
-268
Let h(w) = 3*w**3 + 3*w**2 - 4*w - 3. Give h(-4).
-131
Let w(r) = -r**3 + 36*r**2 + 405*r - 10. Give w(45).
-10
Let h(o) = -37*o**2. Determine h(1).
-37
Let h(c) = c**3 + 51*c**2 + 48*c + 42. Determine h(-50).
142
Let d(c) = -c**3 + 8349*c**2 - 16698*c + 3. Determine d(2).
-5
Let j(o) = 872*o + 55816. Give j(-64).
8
Let v(c) = -61*c + 4862. Determine v(79).
43
Let n(h) = 3*h**2 + 453*h + 453. What is n(-150)?
3
Let p(y) = -16*y**2 + 349*y - 275. Determine p(21).
-2
Let d(x) = 3*x**3 + 29*x**2 - 7*x - 13. Determine d(-10).
-43
Let r(a) = -a**3 + 37*a**2 - 56*a - 473. Determine r(35).
17
Let u(f) = f**2 - 26*f - 273. Determine u(33).
-42
Let t(n) = n**3 - 41*n**2 + 76*n + 84. What is t(39)?
6
Let l(g) = -g**2 - 63*g + 311. Determine l(-68).
-29
Let u(j) = -284*j - 4243. What is u(-15)?
17
Let j(o) = 419*o - 21797. Calculate j(52).
-9
Let v(d) = -d**3 - 54*d**2 - 108*d - 2922. Determine v(-53).
-7
Let f(i) = -27*i**3 + i**2 + 13*i + 31. What is f(-2)?
225
Let r(j) = -1068*j - 8534. Calculate r(-8).
10
Let v(a) = 4*a**2 + 203*a - 414. Calculate v(2).
8
Let c(y) = -409*y - 2861. Determine c(-7).
2
Let v(u) = -147*u**2 - 5*u + 4. What is v(-2)?
-574
Let x(p) = -10*p**3 + 2*p**2 - 3*p + 1. Determine x(1).
-10
Let x(h) = 2*h**3 - 7*h**2 + 14*h - 45. Give x(5).
100
Let h(i) = 84*i**2 + 4*i - 4. Determine h(-2).
324
Let h(g) = -19*g + 22. Determine h(-4).
98
Let u(l) = l**3 + 9*l**2 - 14*l - 7. Give u(-9).
119
Let f(s) = 43*s**2 + 452*s - 3. What is f(-10)?
-223
Let t(j) = 76*j + 15. What is t(2)?
167
Let x(l) = -l**2 - 265*l - 17338. Calculate x(-147).
8
Let i(t) = t**2 - 62*t - 2861. Calculate i(93).
22
Let p(z) = -9*z - 67. Determine p(17).
-220
Let l(y) = -5*y**2 + 1308*y + 2626. What is l(-2)?
-10
Let j(p) = 125*p - 12234. What is j(98)?
16
Let s(x) = -2*x**3 - 54*x**2 - 192*x - 1134. Give s(-24).
18
Let v(p) = -p**3 - 22*p**2 + 51*p - 641. Determine v(-25).
-41
Let g(f) = 2*f**2 + 24*f + 77. Give g(-14).
133
Let l(p) = p**3 - 11*p**2 + 7*p - 91. What is l(11)?
-14
Let j(c) = -25*c + 285. Calculate j(12).
-15
Let p(b) = -b**3 - 47*b**2 - 47*b - 41. Determine p(-46).
5
Let t(b) = -b**2 + 6*b + 200. Determine t(-10).
40
Let w(h) = 130*h - 4146. Determine w(32).
14
Let m(v) = -145*v**2 + 34076*v - 231. What is m(235)?
4
Let j(x) = 116*x - 572. Determine j(5).
8
Let y(p) = 2*p**3 + 24*p**2 - 144*p - 1620. Calculate y(-12).
108
Let t(k) = k**3 - 92*k**2 + 275*k - 714. Determine t(89).
-2
Let b(k) = k**3 - 10*k**2 - 123*k + 14. Give b(-7).
42
Let j(g) = 2*g**3 + 9*g**2 - 5*g + 17. What is j(-5)?
17
Let i(c) = -c**3 + 37*c**2 + 163*c + 1969. Calculate i(42).
-5
Let y(c) = -166*c - 5155. What is y(-31)?
-9
Let n(a) = -4*a**3 + 27*a**2 - a + 79. What is n(7)?
23
Let k(m) = -6*m**2 - 202*m + 58. Calculate k(-34).
-10
Let l(p) = 8*p**3 + 26*p**2 + 27*p. Determine l(-1).
-9
Let m(j) = -j**3 - 63*j**2 + 9*j + 587. Calculate m(-63).
20
Let h(s) = -46*s + 177. Give h(5).
-53
Let a(t) = 3*t**2 - 2137*t + 8528. Determine a(4).
28
Let i(y) = 349*y + 938. What is i(-3)?
-109
Let j(i) = -18217*i - 91085. What is j(-5)?
0
Let d(v) = -10*v**2 - 160*v + 8. Give d(-16).
8
Let q(n) = n**3 - 5*n**2 - 341*n + 2036. Calculate q(6).
26
Let z(u) = 2*u**2 + 31*u - 7. What is z(-11)?
-106
Let b(q) = -q**2 - 62*q - 165. What is b(-60)?
-45
Let c(q) = 26*q + 35. What is c(-1)?
9
Let n(a) = -a**3 + 28*a**2 + 129*a - 36. What is n(32)?
-4
Let m(n) = -n**3 - 40*n**2 + 79*n - 138. Give m(-42).
72
Let g(s) = -s**3 + 21*s**2 - 42*s + 839. Calculate g(21).
-43
Let g(i) = -8*i**3 + 5*i**2 + 3*i - 15. Give g(3).
-177
Let v(q) = 294*q - 10302. What is v(35)?
-12
Let m(r) = 206*r - 16687. Calculate m(81).
-1
Let o(m) = -30*m - 232. Give o(-19).
338
Let l(f) = 92*f + 2190. Calculate l(-23).
74
Let r(j) = 23*j**3 + 162*j**2 + 7*j - 16. Give r(-7).
-16
Let k(u) = u**3 + 9*u**2 - 21*u - 51. Calculate k(-10).
59
Let a(c) = 3*c**3 + c**2 + 6*c - 3. Give a(-3).
-93
Let h(q) = -352*q**2 + 1770*q - 46. Give h(5).
4
Let f(v) = 2*v**3 + 24*v**2 + 16*v + 82. Calculate f(-13).
-464
Let q(l) = -13*l + 28. Give q(5).
-37
Let w(a) = a**3 - 65*a**2 - 204*a - 6. What is w(68)?
-6
Let z(k) = -3*k**2 + 36*k + 39. Determine z(-1).
0
Let y(x) = 2*x**2 - 4805*x - 101777. What is y(-21)?
10
Let k(m) = 85*m**3 + 3*m**2 + m - 2. Determine k(1).
87
Let v(r) = 1434*r - 2803. Give v(2).
65
Let d(z) = 184*z - 368. What is d(2)?
0
Let u(l) = -196*l + 26. Determine u(-2).
418
Let l(w) = 2*w**3 + 55*w**2 + 88*w + 286. Calculate l(-26).
26
Let k(d) = 6095*d - 30509. What is k(5)?
-34
Let f(w) = w - 167. What is f(33)?
-134
Let b(k) = 2*k**2 + 157*k - 1186. Give b(7).
11
Let z(w) = 2*w**2 - 99*w + 813. Determine z(39).
-6
Let w(a) = -2*a**3 - 5*a**2 - 2*a + 18. Calculate w(4).
-198
Let v(d) = d**3 - 7*d**2 - 639*d + 9. Give v(-22).
31
Let i(o) = 181*o - 382. Determine i(2).
-20
Let u(d) = d**2 + 58*d + 835. Give u(-26).
3
Let y(j) = j**3 - 9*j**2 - 17*j + 119. What is y(9)?
-34
Let y(p) = -2*p**2 - 36*p - 485. Give y(-13).
-355
Let d(m) = 3*m**2 - 71*m - 458. What is d(29)?
6
Let m(d) = 12*d**2 - 90*d - 122. Calculate m(8).
-74
Let w(h) = -37*h + 29. Calculate w(-5).
214
Let g(v) = -v**3 - 50*v**2 - 58*v - 2877. Determine g(-50).
23
Let g(n) = n**3 + 8*n**2 - 35*n - 20. Calculate g(-9).
214
Let d(i) = -i**3 - 83*i**2 + 190*i + 1699. Determine d(-85).
-1
Let l(q) = -6*q + 3. Determine l(-8).
51
Let w(s) = 14*s**2 + 17*s + 12. What is w(-2)?
34
Let o(c) = 8*c**2 + 154*c - 66. Give o(-20).
54
Let z(v) = -514*v + 15345. Calculate z(30).
-75
Let h(t) = -191*t + 20438. Determine h(107).
1
Let v(c) = -c**3 - 36*c**2 + 710*c + 24913. Give v(-37).
12
Let z(f) = -68*f - 65. Determine z(-1).
3
Let h(t) = -t**2 + 168*t - 650. Give h(4).
6
Let x(z) = 33*z - 261. Give x(5).
-96
Let t(s) = 2*s**3 + 35*s**2 + 56*s + 118. Calculate t(-16).
-10
Let g(n) = -1842*n + 9226. What is g(5)?
16
Let m(n) = 12*n - 5. Determine m(-17).
-209
Let i(g) = 8*g**2 - 79*g - 19. Determine i(10).
-9
Let l(u) = -u**3 + u**2 + 30*u - 84. Give l(4).
-12
Let c(u) = -2*u**2 - u - 38. Determine c(10).
-248
Let m(i) = 52*i**2 + 940*i + 76. Calculate m(-18).
4
Let o(a) = -5*a**3 - 14*a - 15. What is o(-1)?
4
Let m(o) = -o**2 - 15*o + 363. What is m(13)?
-1
Let z(x) = x**3 + 31*x**2 - 21*x + 87. Determine z(-32).
-265
Let d(c) = -6*c - 219. Give d(-26).
-63
Let t(f) = 9*f**2 + 106*f - 15. What is t(-11)?
-92
Let c(l) = l**3 - 12*l**2 - 49*l + 217. Determine c(3).
-11
Let s(a) = 78*a + 299. What is s(-4)?
-13
Let t(z) = z**3 + z**2 - 51*z - 68. Calculate t(-7).
-5
Let p(n) = -n**2 - 2*n + 2. Give p(0).
2
Let d(b) = b**2 + 84*b + 1805. Give d(-28).
237
Let n(l) = -l**2 - 30*l - 52. Give n(-26).
52
Let j(o) = -o**2 + 1391*o - 355197. Calculate j(337).
1
Let c(q) = q**3 + 109*q**2 + 72*q - 3853. Determine c(-108).
35
Let b(c) = -425*c - 42. What is b(-1)?
383
Let f(v) = 27*v**2 + 276*v + 77. Give f(-10).
17
Let l(g) = 6*g**2 - 67*g - 141. Calculate l(12).
-81
Let y(c) = -4*c**2 + 7*c - 19. Give y(8).
-219
Let n(a) = 4*a**2 + 41*a - 25. What is n(-11)?
8
Let p(a) = -65*a + 858. Give p(13).
13
Let z(a) = -208*a - 34. Calculate z(0).
-34
Let k(p) = p**3 - 34*p**2 + 95*p + 28. Calculate k(31).
90
Let w(h) = 67*h - 224. What is w(9)?
379
Let d(f) = -3*f**3 + 22*f**2 - 25*f + 40. Give d(5).
90
Let g(j) = j**3 + 10*j**2 + 4*j + 366. Give g(-12).
30
Let x(i) = -i**3 + 13*i**2 - i - 32. What is x(13)?
-45
Let x(g) = 2*g**2 - 98*g - 10. Determine x(0).
-10
Let c(i) = -